[INFO] fetching crate wasmer-runtime-l1x 0.18.0...
[INFO] checking wasmer-runtime-l1x-0.18.0 against master#e6e4f7ed1589e03bc2f6c5931c1a72e7947e8682 for beta-170-4
[INFO] extracting crate wasmer-runtime-l1x 0.18.0 into /workspace/builds/worker-3-tc2/source
[INFO] validating manifest of crates.io crate wasmer-runtime-l1x 0.18.0 on toolchain e6e4f7ed1589e03bc2f6c5931c1a72e7947e8682
[INFO] running `Command { std: CARGO_HOME="/workspace/cargo-home" RUSTUP_HOME="/workspace/rustup-home" "/workspace/cargo-home/bin/cargo" "+e6e4f7ed1589e03bc2f6c5931c1a72e7947e8682" "metadata" "--manifest-path" "Cargo.toml" "--no-deps", kill_on_drop: false }`
[INFO] started tweaking crates.io crate wasmer-runtime-l1x 0.18.0
[INFO] finished tweaking crates.io crate wasmer-runtime-l1x 0.18.0
[INFO] tweaked toml for crates.io crate wasmer-runtime-l1x 0.18.0 written to /workspace/builds/worker-3-tc2/source/Cargo.toml
[INFO] crate crates.io crate wasmer-runtime-l1x 0.18.0 already has a lockfile, it will not be regenerated
[INFO] running `Command { std: CARGO_HOME="/workspace/cargo-home" RUSTUP_HOME="/workspace/rustup-home" "/workspace/cargo-home/bin/cargo" "+e6e4f7ed1589e03bc2f6c5931c1a72e7947e8682" "fetch" "--manifest-path" "Cargo.toml", kill_on_drop: false }`
[INFO] running `Command { std: "docker" "create" "-v" "/var/lib/crater-agent-workspace/builds/worker-3-tc2/target:/opt/rustwide/target:rw,Z" "-v" "/var/lib/crater-agent-workspace/builds/worker-3-tc2/source:/opt/rustwide/workdir:ro,Z" "-v" "/var/lib/crater-agent-workspace/cargo-home:/opt/rustwide/cargo-home:ro,Z" "-v" "/var/lib/crater-agent-workspace/rustup-home:/opt/rustwide/rustup-home:ro,Z" "-e" "SOURCE_DIR=/opt/rustwide/workdir" "-e" "CARGO_TARGET_DIR=/opt/rustwide/target" "-e" "CARGO_HOME=/opt/rustwide/cargo-home" "-e" "RUSTUP_HOME=/opt/rustwide/rustup-home" "-w" "/opt/rustwide/workdir" "-m" "1610612736" "--user" "0:0" "--network" "none" "ghcr.io/rust-lang/crates-build-env/linux@sha256:19e73879b68f455e41552ea35293514db52ea292d993f571636dbffedb77a1ee" "/opt/rustwide/cargo-home/bin/cargo" "+e6e4f7ed1589e03bc2f6c5931c1a72e7947e8682" "metadata" "--no-deps" "--format-version=1", kill_on_drop: false }`
[INFO] [stdout] e1511a4cb9e41c550c558d5cf8b92e2e3a0317923c22f971fcfcea3ab5a85707
[INFO] running `Command { std: "docker" "start" "-a" "e1511a4cb9e41c550c558d5cf8b92e2e3a0317923c22f971fcfcea3ab5a85707", kill_on_drop: false }`
[INFO] running `Command { std: "docker" "inspect" "e1511a4cb9e41c550c558d5cf8b92e2e3a0317923c22f971fcfcea3ab5a85707", kill_on_drop: false }`
[INFO] running `Command { std: "docker" "rm" "-f" "e1511a4cb9e41c550c558d5cf8b92e2e3a0317923c22f971fcfcea3ab5a85707", kill_on_drop: false }`
[INFO] [stdout] e1511a4cb9e41c550c558d5cf8b92e2e3a0317923c22f971fcfcea3ab5a85707
[INFO] running `Command { std: "docker" "create" "-v" "/var/lib/crater-agent-workspace/builds/worker-3-tc2/target:/opt/rustwide/target:rw,Z" "-v" "/var/lib/crater-agent-workspace/builds/worker-3-tc2/source:/opt/rustwide/workdir:ro,Z" "-v" "/var/lib/crater-agent-workspace/cargo-home:/opt/rustwide/cargo-home:ro,Z" "-v" "/var/lib/crater-agent-workspace/rustup-home:/opt/rustwide/rustup-home:ro,Z" "-e" "SOURCE_DIR=/opt/rustwide/workdir" "-e" "CARGO_TARGET_DIR=/opt/rustwide/target" "-e" "CARGO_INCREMENTAL=0" "-e" "RUST_BACKTRACE=full" "-e" "RUSTFLAGS=--cap-lints=forbid" "-e" "RUSTDOCFLAGS=--cap-lints=forbid" "-e" "CARGO_HOME=/opt/rustwide/cargo-home" "-e" "RUSTUP_HOME=/opt/rustwide/rustup-home" "-w" "/opt/rustwide/workdir" "-m" "1610612736" "--user" "0:0" "--network" "none" "ghcr.io/rust-lang/crates-build-env/linux@sha256:19e73879b68f455e41552ea35293514db52ea292d993f571636dbffedb77a1ee" "/opt/rustwide/cargo-home/bin/cargo" "+e6e4f7ed1589e03bc2f6c5931c1a72e7947e8682" "check" "--frozen" "--all" "--all-targets" "--message-format=json", kill_on_drop: false }`
[INFO] [stdout] a37cebf924caa96158faac2aa63be260cce0fd40a439fa3fe3076878c39f8f18
[INFO] running `Command { std: "docker" "start" "-a" "a37cebf924caa96158faac2aa63be260cce0fd40a439fa3fe3076878c39f8f18", kill_on_drop: false }`
[INFO] [stderr]    Compiling libc v0.2.141
[INFO] [stderr]    Compiling serde v1.0.159
[INFO] [stderr]    Compiling proc-macro2 v1.0.56
[INFO] [stderr]    Compiling unicode-ident v1.0.8
[INFO] [stderr]    Compiling quote v1.0.26
[INFO] [stderr]    Compiling syn v1.0.109
[INFO] [stderr]    Compiling crossbeam-utils v0.8.15
[INFO] [stderr]    Compiling semver-parser v0.7.0
[INFO] [stderr]    Compiling subtle v2.5.0
[INFO] [stderr]    Compiling generic-array v0.14.7
[INFO] [stderr]    Compiling blake3 v0.3.8
[INFO] [stderr]    Compiling memoffset v0.8.0
[INFO] [stderr]    Compiling crossbeam-epoch v0.9.14
[INFO] [stderr]    Compiling ahash v0.7.6
[INFO] [stderr]    Compiling serde_derive v1.0.159
[INFO] [stderr]    Compiling typenum v1.16.0
[INFO] [stderr]     Checking cfg-if v0.1.10
[INFO] [stderr]    Compiling arrayvec v0.5.2
[INFO] [stderr]    Compiling semver v0.9.0
[INFO] [stderr]    Compiling serde_json v1.0.95
[INFO] [stderr]    Compiling constant_time_eq v0.1.5
[INFO] [stderr]    Compiling arrayref v0.3.7
[INFO] [stderr]    Compiling rustc_version v0.2.3
[INFO] [stderr]    Compiling cmake v0.1.50
[INFO] [stderr]    Compiling indexmap v1.9.3
[INFO] [stderr]    Compiling rayon-core v1.11.0
[INFO] [stderr]    Compiling target-lexicon v0.10.0
[INFO] [stderr]    Compiling io-lifetimes v1.0.10
[INFO] [stderr]    Compiling nix v0.15.0
[INFO] [stderr]     Checking lock_api v0.3.4
[INFO] [stderr]     Checking crypto-mac v0.8.0
[INFO] [stderr]     Checking digest v0.9.0
[INFO] [stderr]     Checking crossbeam-channel v0.5.8
[INFO] [stderr]     Checking void v1.0.2
[INFO] [stderr]     Checking plotters-backend v0.3.4
[INFO] [stderr]    Compiling rustix v0.37.11
[INFO] [stderr]     Checking digest v0.8.1
[INFO] [stderr]     Checking csv-core v0.1.10
[INFO] [stderr]     Checking half v1.8.2
[INFO] [stderr]     Checking linux-raw-sys v0.3.1
[INFO] [stderr]    Compiling wabt-sys v0.6.1
[INFO] [stderr]     Checking crossbeam-deque v0.8.3
[INFO] [stderr]     Checking plotters-svg v0.3.3
[INFO] [stderr]     Checking cast v0.3.0
[INFO] [stderr]     Checking wasmparser v0.51.4
[INFO] [stderr]    Compiling syn v2.0.13
[INFO] [stderr]     Checking regex-syntax v0.6.29
[INFO] [stderr]     Checking plotters v0.3.4
[INFO] [stderr]     Checking criterion-plot v0.4.5
[INFO] [stderr]     Checking walkdir v2.3.3
[INFO] [stderr]     Checking clap v2.34.0
[INFO] [stderr]     Checking oorandom v11.1.3
[INFO] [stderr]     Checking fastrand v1.9.0
[INFO] [stderr]     Checking getrandom v0.2.9
[INFO] [stderr]     Checking parking_lot_core v0.7.3
[INFO] [stderr]     Checking num_cpus v1.15.0
[INFO] [stderr]     Checking errno v0.2.8
[INFO] [stderr]    Compiling wasmer-runtime-core-l1x v0.18.0
[INFO] [stderr]     Checking page_size v0.4.2
[INFO] [stderr]     Checking memmap v0.7.0
[INFO] [stderr]     Checking parking_lot v0.10.2
[INFO] [stderr]     Checking atty v0.2.14
[INFO] [stderr]     Checking hashbrown v0.11.2
[INFO] [stderr]     Checking regex v1.7.3
[INFO] [stderr]     Checking rayon v1.7.0
[INFO] [stderr]     Checking bincode v1.3.3
[INFO] [stderr]    Compiling toml v0.5.11
[INFO] [stderr]     Checking serde_bytes v0.11.9
[INFO] [stderr]     Checking serde-bench v0.0.7
[INFO] [stderr]     Checking tinytemplate v1.2.1
[INFO] [stderr]    Compiling borsh-derive-internal v0.9.3
[INFO] [stderr]    Compiling borsh-schema-derive-internal v0.9.3
[INFO] [stderr]     Checking serde_cbor v0.11.2
[INFO] [stderr]     Checking csv v1.2.1
[INFO] [stderr]     Checking tempfile v3.5.0
[INFO] [stderr]    Compiling proc-macro-crate v0.1.5
[INFO] [stderr]    Compiling borsh-derive v0.9.3
[INFO] [stderr]     Checking criterion v0.3.6
[INFO] [stderr]     Checking borsh v0.9.3
[INFO] [stdout] error[E0557]: feature has been removed
[INFO] [stdout]   --> /opt/rustwide/cargo-home/registry/src/index.crates.io-6f17d22bba15001f/wasmer-runtime-core-l1x-0.18.0/src/lib.rs:25:30
[INFO] [stdout]    |
[INFO] [stdout] 25 | #![cfg_attr(nightly, feature(unwind_attributes))]
[INFO] [stdout]    |                              ^^^^^^^^^^^^^^^^^ feature has been removed
[INFO] [stdout]    |
[INFO] [stdout]    = note: use the C-unwind ABI instead
[INFO] [stdout] 
[INFO] [stdout] 
[INFO] [stdout] error: cannot find attribute `unwind` in this scope
[INFO] [stdout]    --> /opt/rustwide/cargo-home/registry/src/index.crates.io-6f17d22bba15001f/wasmer-runtime-core-l1x-0.18.0/src/typed_func.rs:617:37
[INFO] [stdout]     |
[INFO] [stdout] 617 |                 #[cfg_attr(nightly, unwind(allowed))]
[INFO] [stdout]     |                                     ^^^^^^
[INFO] [stdout] ...
[INFO] [stdout] 862 | impl_traits!([C] S0,);
[INFO] [stdout]     | --------------------- in this macro invocation
[INFO] [stdout]     |
[INFO] [stdout]     = note: this error originates in the macro `impl_traits` (in Nightly builds, run with -Z macro-backtrace for more info)
[INFO] [stdout] 
[INFO] [stdout] 
[INFO] [stdout] error: cannot find attribute `unwind` in this scope
[INFO] [stdout]    --> /opt/rustwide/cargo-home/registry/src/index.crates.io-6f17d22bba15001f/wasmer-runtime-core-l1x-0.18.0/src/typed_func.rs:734:37
[INFO] [stdout]     |
[INFO] [stdout] 734 |                 #[cfg_attr(nightly, unwind(allowed))]
[INFO] [stdout]     |                                     ^^^^^^
[INFO] [stdout] ...
[INFO] [stdout] 862 | impl_traits!([C] S0,);
[INFO] [stdout]     | --------------------- in this macro invocation
[INFO] [stdout]     |
[INFO] [stdout]     = note: this error originates in the macro `impl_traits` (in Nightly builds, run with -Z macro-backtrace for more info)
[INFO] [stdout] 
[INFO] [stdout] 
[INFO] [stdout] error: cannot find attribute `unwind` in this scope
[INFO] [stdout]    --> /opt/rustwide/cargo-home/registry/src/index.crates.io-6f17d22bba15001f/wasmer-runtime-core-l1x-0.18.0/src/typed_func.rs:617:37
[INFO] [stdout]     |
[INFO] [stdout] 617 |                 #[cfg_attr(nightly, unwind(allowed))]
[INFO] [stdout]     |                                     ^^^^^^
[INFO] [stdout] ...
[INFO] [stdout] 863 | impl_traits!([transparent] S1, A);
[INFO] [stdout]     | --------------------------------- in this macro invocation
[INFO] [stdout]     |
[INFO] [stdout]     = note: this error originates in the macro `impl_traits` (in Nightly builds, run with -Z macro-backtrace for more info)
[INFO] [stdout] 
[INFO] [stdout] 
[INFO] [stdout] error: cannot find attribute `unwind` in this scope
[INFO] [stdout]    --> /opt/rustwide/cargo-home/registry/src/index.crates.io-6f17d22bba15001f/wasmer-runtime-core-l1x-0.18.0/src/typed_func.rs:734:37
[INFO] [stdout]     |
[INFO] [stdout] 734 |                 #[cfg_attr(nightly, unwind(allowed))]
[INFO] [stdout]     |                                     ^^^^^^
[INFO] [stdout] ...
[INFO] [stdout] 863 | impl_traits!([transparent] S1, A);
[INFO] [stdout]     | --------------------------------- in this macro invocation
[INFO] [stdout]     |
[INFO] [stdout]     = note: this error originates in the macro `impl_traits` (in Nightly builds, run with -Z macro-backtrace for more info)
[INFO] [stdout] 
[INFO] [stdout] 
[INFO] [stdout] error: cannot find attribute `unwind` in this scope
[INFO] [stdout]    --> /opt/rustwide/cargo-home/registry/src/index.crates.io-6f17d22bba15001f/wasmer-runtime-core-l1x-0.18.0/src/typed_func.rs:617:37
[INFO] [stdout]     |
[INFO] [stdout] 617 |                 #[cfg_attr(nightly, unwind(allowed))]
[INFO] [stdout]     |                                     ^^^^^^
[INFO] [stdout] ...
[INFO] [stdout] 864 | impl_traits!([C] S2, A, B);
[INFO] [stdout]     | -------------------------- in this macro invocation
[INFO] [stdout]     |
[INFO] [stdout]     = note: this error originates in the macro `impl_traits` (in Nightly builds, run with -Z macro-backtrace for more info)
[INFO] [stdout] 
[INFO] [stdout] 
[INFO] [stdout] error: cannot find attribute `unwind` in this scope
[INFO] [stdout]    --> /opt/rustwide/cargo-home/registry/src/index.crates.io-6f17d22bba15001f/wasmer-runtime-core-l1x-0.18.0/src/typed_func.rs:734:37
[INFO] [stdout]     |
[INFO] [stdout] 734 |                 #[cfg_attr(nightly, unwind(allowed))]
[INFO] [stdout]     |                                     ^^^^^^
[INFO] [stdout] ...
[INFO] [stdout] 864 | impl_traits!([C] S2, A, B);
[INFO] [stdout]     | -------------------------- in this macro invocation
[INFO] [stdout]     |
[INFO] [stdout]     = note: this error originates in the macro `impl_traits` (in Nightly builds, run with -Z macro-backtrace for more info)
[INFO] [stdout] 
[INFO] [stdout] 
[INFO] [stdout] error: cannot find attribute `unwind` in this scope
[INFO] [stdout]    --> /opt/rustwide/cargo-home/registry/src/index.crates.io-6f17d22bba15001f/wasmer-runtime-core-l1x-0.18.0/src/typed_func.rs:617:37
[INFO] [stdout]     |
[INFO] [stdout] 617 |                 #[cfg_attr(nightly, unwind(allowed))]
[INFO] [stdout]     |                                     ^^^^^^
[INFO] [stdout] ...
[INFO] [stdout] 865 | impl_traits!([C] S3, A, B, C);
[INFO] [stdout]     | ----------------------------- in this macro invocation
[INFO] [stdout]     |
[INFO] [stdout]     = note: this error originates in the macro `impl_traits` (in Nightly builds, run with -Z macro-backtrace for more info)
[INFO] [stdout] 
[INFO] [stdout] 
[INFO] [stdout] error: cannot find attribute `unwind` in this scope
[INFO] [stdout]    --> /opt/rustwide/cargo-home/registry/src/index.crates.io-6f17d22bba15001f/wasmer-runtime-core-l1x-0.18.0/src/typed_func.rs:734:37
[INFO] [stdout]     |
[INFO] [stdout] 734 |                 #[cfg_attr(nightly, unwind(allowed))]
[INFO] [stdout]     |                                     ^^^^^^
[INFO] [stdout] ...
[INFO] [stdout] 865 | impl_traits!([C] S3, A, B, C);
[INFO] [stdout]     | ----------------------------- in this macro invocation
[INFO] [stdout]     |
[INFO] [stdout]     = note: this error originates in the macro `impl_traits` (in Nightly builds, run with -Z macro-backtrace for more info)
[INFO] [stdout] 
[INFO] [stdout] 
[INFO] [stdout] error: cannot find attribute `unwind` in this scope
[INFO] [stdout]    --> /opt/rustwide/cargo-home/registry/src/index.crates.io-6f17d22bba15001f/wasmer-runtime-core-l1x-0.18.0/src/typed_func.rs:617:37
[INFO] [stdout]     |
[INFO] [stdout] 617 |                 #[cfg_attr(nightly, unwind(allowed))]
[INFO] [stdout]     |                                     ^^^^^^
[INFO] [stdout] ...
[INFO] [stdout] 866 | impl_traits!([C] S4, A, B, C, D);
[INFO] [stdout]     | -------------------------------- in this macro invocation
[INFO] [stdout]     |
[INFO] [stdout]     = note: this error originates in the macro `impl_traits` (in Nightly builds, run with -Z macro-backtrace for more info)
[INFO] [stdout] 
[INFO] [stdout] 
[INFO] [stdout] error: cannot find attribute `unwind` in this scope
[INFO] [stdout]    --> /opt/rustwide/cargo-home/registry/src/index.crates.io-6f17d22bba15001f/wasmer-runtime-core-l1x-0.18.0/src/typed_func.rs:734:37
[INFO] [stdout]     |
[INFO] [stdout] 734 |                 #[cfg_attr(nightly, unwind(allowed))]
[INFO] [stdout]     |                                     ^^^^^^
[INFO] [stdout] ...
[INFO] [stdout] 866 | impl_traits!([C] S4, A, B, C, D);
[INFO] [stdout]     | -------------------------------- in this macro invocation
[INFO] [stdout]     |
[INFO] [stdout]     = note: this error originates in the macro `impl_traits` (in Nightly builds, run with -Z macro-backtrace for more info)
[INFO] [stdout] 
[INFO] [stdout] 
[INFO] [stdout] error: cannot find attribute `unwind` in this scope
[INFO] [stdout]    --> /opt/rustwide/cargo-home/registry/src/index.crates.io-6f17d22bba15001f/wasmer-runtime-core-l1x-0.18.0/src/typed_func.rs:617:37
[INFO] [stdout]     |
[INFO] [stdout] 617 |                 #[cfg_attr(nightly, unwind(allowed))]
[INFO] [stdout]     |                                     ^^^^^^
[INFO] [stdout] ...
[INFO] [stdout] 867 | impl_traits!([C] S5, A, B, C, D, E);
[INFO] [stdout]     | ----------------------------------- in this macro invocation
[INFO] [stdout]     |
[INFO] [stdout]     = note: this error originates in the macro `impl_traits` (in Nightly builds, run with -Z macro-backtrace for more info)
[INFO] [stdout] 
[INFO] [stdout] 
[INFO] [stdout] error: cannot find attribute `unwind` in this scope
[INFO] [stdout]    --> /opt/rustwide/cargo-home/registry/src/index.crates.io-6f17d22bba15001f/wasmer-runtime-core-l1x-0.18.0/src/typed_func.rs:734:37
[INFO] [stdout]     |
[INFO] [stdout] 734 |                 #[cfg_attr(nightly, unwind(allowed))]
[INFO] [stdout]     |                                     ^^^^^^
[INFO] [stdout] ...
[INFO] [stdout] 867 | impl_traits!([C] S5, A, B, C, D, E);
[INFO] [stdout]     | ----------------------------------- in this macro invocation
[INFO] [stdout]     |
[INFO] [stdout]     = note: this error originates in the macro `impl_traits` (in Nightly builds, run with -Z macro-backtrace for more info)
[INFO] [stdout] 
[INFO] [stdout] 
[INFO] [stdout] error: cannot find attribute `unwind` in this scope
[INFO] [stdout]    --> /opt/rustwide/cargo-home/registry/src/index.crates.io-6f17d22bba15001f/wasmer-runtime-core-l1x-0.18.0/src/typed_func.rs:617:37
[INFO] [stdout]     |
[INFO] [stdout] 617 |                 #[cfg_attr(nightly, unwind(allowed))]
[INFO] [stdout]     |                                     ^^^^^^
[INFO] [stdout] ...
[INFO] [stdout] 868 | impl_traits!([C] S6, A, B, C, D, E, F);
[INFO] [stdout]     | -------------------------------------- in this macro invocation
[INFO] [stdout]     |
[INFO] [stdout]     = note: this error originates in the macro `impl_traits` (in Nightly builds, run with -Z macro-backtrace for more info)
[INFO] [stdout] 
[INFO] [stdout] 
[INFO] [stdout] error: cannot find attribute `unwind` in this scope
[INFO] [stdout]    --> /opt/rustwide/cargo-home/registry/src/index.crates.io-6f17d22bba15001f/wasmer-runtime-core-l1x-0.18.0/src/typed_func.rs:734:37
[INFO] [stdout]     |
[INFO] [stdout] 734 |                 #[cfg_attr(nightly, unwind(allowed))]
[INFO] [stdout]     |                                     ^^^^^^
[INFO] [stdout] ...
[INFO] [stdout] 868 | impl_traits!([C] S6, A, B, C, D, E, F);
[INFO] [stdout]     | -------------------------------------- in this macro invocation
[INFO] [stdout]     |
[INFO] [stdout]     = note: this error originates in the macro `impl_traits` (in Nightly builds, run with -Z macro-backtrace for more info)
[INFO] [stdout] 
[INFO] [stdout] 
[INFO] [stdout] error: cannot find attribute `unwind` in this scope
[INFO] [stdout]    --> /opt/rustwide/cargo-home/registry/src/index.crates.io-6f17d22bba15001f/wasmer-runtime-core-l1x-0.18.0/src/typed_func.rs:617:37
[INFO] [stdout]     |
[INFO] [stdout] 617 |                 #[cfg_attr(nightly, unwind(allowed))]
[INFO] [stdout]     |                                     ^^^^^^
[INFO] [stdout] ...
[INFO] [stdout] 869 | impl_traits!([C] S7, A, B, C, D, E, F, G);
[INFO] [stdout]     | ----------------------------------------- in this macro invocation
[INFO] [stdout]     |
[INFO] [stdout]     = note: this error originates in the macro `impl_traits` (in Nightly builds, run with -Z macro-backtrace for more info)
[INFO] [stdout] 
[INFO] [stdout] 
[INFO] [stdout] error: cannot find attribute `unwind` in this scope
[INFO] [stdout]    --> /opt/rustwide/cargo-home/registry/src/index.crates.io-6f17d22bba15001f/wasmer-runtime-core-l1x-0.18.0/src/typed_func.rs:734:37
[INFO] [stdout]     |
[INFO] [stdout] 734 |                 #[cfg_attr(nightly, unwind(allowed))]
[INFO] [stdout]     |                                     ^^^^^^
[INFO] [stdout] ...
[INFO] [stdout] 869 | impl_traits!([C] S7, A, B, C, D, E, F, G);
[INFO] [stdout]     | ----------------------------------------- in this macro invocation
[INFO] [stdout]     |
[INFO] [stdout]     = note: this error originates in the macro `impl_traits` (in Nightly builds, run with -Z macro-backtrace for more info)
[INFO] [stdout] 
[INFO] [stdout] 
[INFO] [stdout] error: cannot find attribute `unwind` in this scope
[INFO] [stdout]    --> /opt/rustwide/cargo-home/registry/src/index.crates.io-6f17d22bba15001f/wasmer-runtime-core-l1x-0.18.0/src/typed_func.rs:617:37
[INFO] [stdout]     |
[INFO] [stdout] 617 |                 #[cfg_attr(nightly, unwind(allowed))]
[INFO] [stdout]     |                                     ^^^^^^
[INFO] [stdout] ...
[INFO] [stdout] 870 | impl_traits!([C] S8, A, B, C, D, E, F, G, H);
[INFO] [stdout]     | -------------------------------------------- in this macro invocation
[INFO] [stdout]     |
[INFO] [stdout]     = note: this error originates in the macro `impl_traits` (in Nightly builds, run with -Z macro-backtrace for more info)
[INFO] [stdout] 
[INFO] [stdout] 
[INFO] [stdout] error: cannot find attribute `unwind` in this scope
[INFO] [stdout]    --> /opt/rustwide/cargo-home/registry/src/index.crates.io-6f17d22bba15001f/wasmer-runtime-core-l1x-0.18.0/src/typed_func.rs:734:37
[INFO] [stdout]     |
[INFO] [stdout] 734 |                 #[cfg_attr(nightly, unwind(allowed))]
[INFO] [stdout]     |                                     ^^^^^^
[INFO] [stdout] ...
[INFO] [stdout] 870 | impl_traits!([C] S8, A, B, C, D, E, F, G, H);
[INFO] [stdout]     | -------------------------------------------- in this macro invocation
[INFO] [stdout]     |
[INFO] [stdout]     = note: this error originates in the macro `impl_traits` (in Nightly builds, run with -Z macro-backtrace for more info)
[INFO] [stdout] 
[INFO] [stdout] 
[INFO] [stdout] error: cannot find attribute `unwind` in this scope
[INFO] [stdout]    --> /opt/rustwide/cargo-home/registry/src/index.crates.io-6f17d22bba15001f/wasmer-runtime-core-l1x-0.18.0/src/typed_func.rs:617:37
[INFO] [stdout]     |
[INFO] [stdout] 617 |                 #[cfg_attr(nightly, unwind(allowed))]
[INFO] [stdout]     |                                     ^^^^^^
[INFO] [stdout] ...
[INFO] [stdout] 871 | impl_traits!([C] S9, A, B, C, D, E, F, G, H, I);
[INFO] [stdout]     | ----------------------------------------------- in this macro invocation
[INFO] [stdout]     |
[INFO] [stdout]     = note: this error originates in the macro `impl_traits` (in Nightly builds, run with -Z macro-backtrace for more info)
[INFO] [stdout] 
[INFO] [stdout] 
[INFO] [stdout] error: cannot find attribute `unwind` in this scope
[INFO] [stdout]    --> /opt/rustwide/cargo-home/registry/src/index.crates.io-6f17d22bba15001f/wasmer-runtime-core-l1x-0.18.0/src/typed_func.rs:734:37
[INFO] [stdout]     |
[INFO] [stdout] 734 |                 #[cfg_attr(nightly, unwind(allowed))]
[INFO] [stdout]     |                                     ^^^^^^
[INFO] [stdout] ...
[INFO] [stdout] 871 | impl_traits!([C] S9, A, B, C, D, E, F, G, H, I);
[INFO] [stdout]     | ----------------------------------------------- in this macro invocation
[INFO] [stdout]     |
[INFO] [stdout]     = note: this error originates in the macro `impl_traits` (in Nightly builds, run with -Z macro-backtrace for more info)
[INFO] [stdout] 
[INFO] [stdout] 
[INFO] [stdout] error: cannot find attribute `unwind` in this scope
[INFO] [stdout]    --> /opt/rustwide/cargo-home/registry/src/index.crates.io-6f17d22bba15001f/wasmer-runtime-core-l1x-0.18.0/src/typed_func.rs:617:37
[INFO] [stdout]     |
[INFO] [stdout] 617 |                 #[cfg_attr(nightly, unwind(allowed))]
[INFO] [stdout]     |                                     ^^^^^^
[INFO] [stdout] ...
[INFO] [stdout] 872 | impl_traits!([C] S10, A, B, C, D, E, F, G, H, I, J);
[INFO] [stdout]     | --------------------------------------------------- in this macro invocation
[INFO] [stdout]     |
[INFO] [stdout]     = note: this error originates in the macro `impl_traits` (in Nightly builds, run with -Z macro-backtrace for more info)
[INFO] [stdout] 
[INFO] [stdout] 
[INFO] [stdout] error: cannot find attribute `unwind` in this scope
[INFO] [stdout]    --> /opt/rustwide/cargo-home/registry/src/index.crates.io-6f17d22bba15001f/wasmer-runtime-core-l1x-0.18.0/src/typed_func.rs:734:37
[INFO] [stdout]     |
[INFO] [stdout] 734 |                 #[cfg_attr(nightly, unwind(allowed))]
[INFO] [stdout]     |                                     ^^^^^^
[INFO] [stdout] ...
[INFO] [stdout] 872 | impl_traits!([C] S10, A, B, C, D, E, F, G, H, I, J);
[INFO] [stdout]     | --------------------------------------------------- in this macro invocation
[INFO] [stdout]     |
[INFO] [stdout]     = note: this error originates in the macro `impl_traits` (in Nightly builds, run with -Z macro-backtrace for more info)
[INFO] [stdout] 
[INFO] [stdout] 
[INFO] [stdout] error: cannot find attribute `unwind` in this scope
[INFO] [stdout]    --> /opt/rustwide/cargo-home/registry/src/index.crates.io-6f17d22bba15001f/wasmer-runtime-core-l1x-0.18.0/src/typed_func.rs:617:37
[INFO] [stdout]     |
[INFO] [stdout] 617 |                 #[cfg_attr(nightly, unwind(allowed))]
[INFO] [stdout]     |                                     ^^^^^^
[INFO] [stdout] ...
[INFO] [stdout] 873 | impl_traits!([C] S11, A, B, C, D, E, F, G, H, I, J, K);
[INFO] [stdout]     | ------------------------------------------------------ in this macro invocation
[INFO] [stdout]     |
[INFO] [stdout]     = note: this error originates in the macro `impl_traits` (in Nightly builds, run with -Z macro-backtrace for more info)
[INFO] [stdout] 
[INFO] [stdout] 
[INFO] [stdout] error: cannot find attribute `unwind` in this scope
[INFO] [stdout]    --> /opt/rustwide/cargo-home/registry/src/index.crates.io-6f17d22bba15001f/wasmer-runtime-core-l1x-0.18.0/src/typed_func.rs:734:37
[INFO] [stdout]     |
[INFO] [stdout] 734 |                 #[cfg_attr(nightly, unwind(allowed))]
[INFO] [stdout]     |                                     ^^^^^^
[INFO] [stdout] ...
[INFO] [stdout] 873 | impl_traits!([C] S11, A, B, C, D, E, F, G, H, I, J, K);
[INFO] [stdout]     | ------------------------------------------------------ in this macro invocation
[INFO] [stdout]     |
[INFO] [stdout]     = note: this error originates in the macro `impl_traits` (in Nightly builds, run with -Z macro-backtrace for more info)
[INFO] [stdout] 
[INFO] [stdout] 
[INFO] [stdout] error: cannot find attribute `unwind` in this scope
[INFO] [stdout]    --> /opt/rustwide/cargo-home/registry/src/index.crates.io-6f17d22bba15001f/wasmer-runtime-core-l1x-0.18.0/src/typed_func.rs:617:37
[INFO] [stdout]     |
[INFO] [stdout] 617 |                 #[cfg_attr(nightly, unwind(allowed))]
[INFO] [stdout]     |                                     ^^^^^^
[INFO] [stdout] ...
[INFO] [stdout] 874 | impl_traits!([C] S12, A, B, C, D, E, F, G, H, I, J, K, L);
[INFO] [stdout]     | --------------------------------------------------------- in this macro invocation
[INFO] [stdout]     |
[INFO] [stdout]     = note: this error originates in the macro `impl_traits` (in Nightly builds, run with -Z macro-backtrace for more info)
[INFO] [stdout] 
[INFO] [stdout] 
[INFO] [stdout] error: cannot find attribute `unwind` in this scope
[INFO] [stdout]    --> /opt/rustwide/cargo-home/registry/src/index.crates.io-6f17d22bba15001f/wasmer-runtime-core-l1x-0.18.0/src/typed_func.rs:734:37
[INFO] [stdout]     |
[INFO] [stdout] 734 |                 #[cfg_attr(nightly, unwind(allowed))]
[INFO] [stdout]     |                                     ^^^^^^
[INFO] [stdout] ...
[INFO] [stdout] 874 | impl_traits!([C] S12, A, B, C, D, E, F, G, H, I, J, K, L);
[INFO] [stdout]     | --------------------------------------------------------- in this macro invocation
[INFO] [stdout]     |
[INFO] [stdout]     = note: this error originates in the macro `impl_traits` (in Nightly builds, run with -Z macro-backtrace for more info)
[INFO] [stdout] 
[INFO] [stdout] 
[INFO] [stdout] error: cannot find attribute `unwind` in this scope
[INFO] [stdout]    --> /opt/rustwide/cargo-home/registry/src/index.crates.io-6f17d22bba15001f/wasmer-runtime-core-l1x-0.18.0/src/typed_func.rs:617:37
[INFO] [stdout]     |
[INFO] [stdout] 617 |                 #[cfg_attr(nightly, unwind(allowed))]
[INFO] [stdout]     |                                     ^^^^^^
[INFO] [stdout] ...
[INFO] [stdout] 875 | impl_traits!([C] S13, A, B, C, D, E, F, G, H, I, J, K, L, M);
[INFO] [stdout]     | ------------------------------------------------------------ in this macro invocation
[INFO] [stdout]     |
[INFO] [stdout]     = note: this error originates in the macro `impl_traits` (in Nightly builds, run with -Z macro-backtrace for more info)
[INFO] [stdout] 
[INFO] [stdout] 
[INFO] [stdout] error: cannot find attribute `unwind` in this scope
[INFO] [stdout]    --> /opt/rustwide/cargo-home/registry/src/index.crates.io-6f17d22bba15001f/wasmer-runtime-core-l1x-0.18.0/src/typed_func.rs:734:37
[INFO] [stdout]     |
[INFO] [stdout] 734 |                 #[cfg_attr(nightly, unwind(allowed))]
[INFO] [stdout]     |                                     ^^^^^^
[INFO] [stdout] ...
[INFO] [stdout] 875 | impl_traits!([C] S13, A, B, C, D, E, F, G, H, I, J, K, L, M);
[INFO] [stdout]     | ------------------------------------------------------------ in this macro invocation
[INFO] [stdout]     |
[INFO] [stdout]     = note: this error originates in the macro `impl_traits` (in Nightly builds, run with -Z macro-backtrace for more info)
[INFO] [stdout] 
[INFO] [stdout] 
[INFO] [stdout] error: cannot find attribute `unwind` in this scope
[INFO] [stdout]    --> /opt/rustwide/cargo-home/registry/src/index.crates.io-6f17d22bba15001f/wasmer-runtime-core-l1x-0.18.0/src/typed_func.rs:617:37
[INFO] [stdout]     |
[INFO] [stdout] 617 |                 #[cfg_attr(nightly, unwind(allowed))]
[INFO] [stdout]     |                                     ^^^^^^
[INFO] [stdout] ...
[INFO] [stdout] 876 | impl_traits!([C] S14, A, B, C, D, E, F, G, H, I, J, K, L, M, N);
[INFO] [stdout]     | --------------------------------------------------------------- in this macro invocation
[INFO] [stdout]     |
[INFO] [stdout]     = note: this error originates in the macro `impl_traits` (in Nightly builds, run with -Z macro-backtrace for more info)
[INFO] [stdout] 
[INFO] [stdout] 
[INFO] [stdout] error: cannot find attribute `unwind` in this scope
[INFO] [stdout]    --> /opt/rustwide/cargo-home/registry/src/index.crates.io-6f17d22bba15001f/wasmer-runtime-core-l1x-0.18.0/src/typed_func.rs:734:37
[INFO] [stdout]     |
[INFO] [stdout] 734 |                 #[cfg_attr(nightly, unwind(allowed))]
[INFO] [stdout]     |                                     ^^^^^^
[INFO] [stdout] ...
[INFO] [stdout] 876 | impl_traits!([C] S14, A, B, C, D, E, F, G, H, I, J, K, L, M, N);
[INFO] [stdout]     | --------------------------------------------------------------- in this macro invocation
[INFO] [stdout]     |
[INFO] [stdout]     = note: this error originates in the macro `impl_traits` (in Nightly builds, run with -Z macro-backtrace for more info)
[INFO] [stdout] 
[INFO] [stdout] 
[INFO] [stdout] error: cannot find attribute `unwind` in this scope
[INFO] [stdout]    --> /opt/rustwide/cargo-home/registry/src/index.crates.io-6f17d22bba15001f/wasmer-runtime-core-l1x-0.18.0/src/typed_func.rs:617:37
[INFO] [stdout]     |
[INFO] [stdout] 617 |                 #[cfg_attr(nightly, unwind(allowed))]
[INFO] [stdout]     |                                     ^^^^^^
[INFO] [stdout] ...
[INFO] [stdout] 877 | impl_traits!([C] S15, A, B, C, D, E, F, G, H, I, J, K, L, M, N, O);
[INFO] [stdout]     | ------------------------------------------------------------------ in this macro invocation
[INFO] [stdout]     |
[INFO] [stdout]     = note: this error originates in the macro `impl_traits` (in Nightly builds, run with -Z macro-backtrace for more info)
[INFO] [stdout] 
[INFO] [stdout] 
[INFO] [stdout] error: cannot find attribute `unwind` in this scope
[INFO] [stdout]    --> /opt/rustwide/cargo-home/registry/src/index.crates.io-6f17d22bba15001f/wasmer-runtime-core-l1x-0.18.0/src/typed_func.rs:734:37
[INFO] [stdout]     |
[INFO] [stdout] 734 |                 #[cfg_attr(nightly, unwind(allowed))]
[INFO] [stdout]     |                                     ^^^^^^
[INFO] [stdout] ...
[INFO] [stdout] 877 | impl_traits!([C] S15, A, B, C, D, E, F, G, H, I, J, K, L, M, N, O);
[INFO] [stdout]     | ------------------------------------------------------------------ in this macro invocation
[INFO] [stdout]     |
[INFO] [stdout]     = note: this error originates in the macro `impl_traits` (in Nightly builds, run with -Z macro-backtrace for more info)
[INFO] [stdout] 
[INFO] [stdout] 
[INFO] [stdout] error: cannot find attribute `unwind` in this scope
[INFO] [stdout]    --> /opt/rustwide/cargo-home/registry/src/index.crates.io-6f17d22bba15001f/wasmer-runtime-core-l1x-0.18.0/src/typed_func.rs:617:37
[INFO] [stdout]     |
[INFO] [stdout] 617 |                 #[cfg_attr(nightly, unwind(allowed))]
[INFO] [stdout]     |                                     ^^^^^^
[INFO] [stdout] ...
[INFO] [stdout] 878 | impl_traits!([C] S16, A, B, C, D, E, F, G, H, I, J, K, L, M, N, O, P);
[INFO] [stdout]     | --------------------------------------------------------------------- in this macro invocation
[INFO] [stdout]     |
[INFO] [stdout]     = note: this error originates in the macro `impl_traits` (in Nightly builds, run with -Z macro-backtrace for more info)
[INFO] [stdout] 
[INFO] [stdout] 
[INFO] [stdout] error: cannot find attribute `unwind` in this scope
[INFO] [stdout]    --> /opt/rustwide/cargo-home/registry/src/index.crates.io-6f17d22bba15001f/wasmer-runtime-core-l1x-0.18.0/src/typed_func.rs:734:37
[INFO] [stdout]     |
[INFO] [stdout] 734 |                 #[cfg_attr(nightly, unwind(allowed))]
[INFO] [stdout]     |                                     ^^^^^^
[INFO] [stdout] ...
[INFO] [stdout] 878 | impl_traits!([C] S16, A, B, C, D, E, F, G, H, I, J, K, L, M, N, O, P);
[INFO] [stdout]     | --------------------------------------------------------------------- in this macro invocation
[INFO] [stdout]     |
[INFO] [stdout]     = note: this error originates in the macro `impl_traits` (in Nightly builds, run with -Z macro-backtrace for more info)
[INFO] [stdout] 
[INFO] [stdout] 
[INFO] [stdout] error: cannot find attribute `unwind` in this scope
[INFO] [stdout]    --> /opt/rustwide/cargo-home/registry/src/index.crates.io-6f17d22bba15001f/wasmer-runtime-core-l1x-0.18.0/src/typed_func.rs:617:37
[INFO] [stdout]     |
[INFO] [stdout] 617 |                 #[cfg_attr(nightly, unwind(allowed))]
[INFO] [stdout]     |                                     ^^^^^^
[INFO] [stdout] ...
[INFO] [stdout] 879 | impl_traits!([C] S17, A, B, C, D, E, F, G, H, I, J, K, L, M, N, O, P, Q);
[INFO] [stdout]     | ------------------------------------------------------------------------ in this macro invocation
[INFO] [stdout]     |
[INFO] [stdout]     = note: this error originates in the macro `impl_traits` (in Nightly builds, run with -Z macro-backtrace for more info)
[INFO] [stdout] 
[INFO] [stdout] 
[INFO] [stdout] error: cannot find attribute `unwind` in this scope
[INFO] [stdout]    --> /opt/rustwide/cargo-home/registry/src/index.crates.io-6f17d22bba15001f/wasmer-runtime-core-l1x-0.18.0/src/typed_func.rs:734:37
[INFO] [stdout]     |
[INFO] [stdout] 734 |                 #[cfg_attr(nightly, unwind(allowed))]
[INFO] [stdout]     |                                     ^^^^^^
[INFO] [stdout] ...
[INFO] [stdout] 879 | impl_traits!([C] S17, A, B, C, D, E, F, G, H, I, J, K, L, M, N, O, P, Q);
[INFO] [stdout]     | ------------------------------------------------------------------------ in this macro invocation
[INFO] [stdout]     |
[INFO] [stdout]     = note: this error originates in the macro `impl_traits` (in Nightly builds, run with -Z macro-backtrace for more info)
[INFO] [stdout] 
[INFO] [stdout] 
[INFO] [stdout] error: cannot find attribute `unwind` in this scope
[INFO] [stdout]    --> /opt/rustwide/cargo-home/registry/src/index.crates.io-6f17d22bba15001f/wasmer-runtime-core-l1x-0.18.0/src/typed_func.rs:617:37
[INFO] [stdout]     |
[INFO] [stdout] 617 |                 #[cfg_attr(nightly, unwind(allowed))]
[INFO] [stdout]     |                                     ^^^^^^
[INFO] [stdout] ...
[INFO] [stdout] 880 | impl_traits!([C] S18, A, B, C, D, E, F, G, H, I, J, K, L, M, N, O, P, Q, R);
[INFO] [stdout]     | --------------------------------------------------------------------------- in this macro invocation
[INFO] [stdout]     |
[INFO] [stdout]     = note: this error originates in the macro `impl_traits` (in Nightly builds, run with -Z macro-backtrace for more info)
[INFO] [stdout] 
[INFO] [stdout] 
[INFO] [stdout] error: cannot find attribute `unwind` in this scope
[INFO] [stdout]    --> /opt/rustwide/cargo-home/registry/src/index.crates.io-6f17d22bba15001f/wasmer-runtime-core-l1x-0.18.0/src/typed_func.rs:734:37
[INFO] [stdout]     |
[INFO] [stdout] 734 |                 #[cfg_attr(nightly, unwind(allowed))]
[INFO] [stdout]     |                                     ^^^^^^
[INFO] [stdout] ...
[INFO] [stdout] 880 | impl_traits!([C] S18, A, B, C, D, E, F, G, H, I, J, K, L, M, N, O, P, Q, R);
[INFO] [stdout]     | --------------------------------------------------------------------------- in this macro invocation
[INFO] [stdout]     |
[INFO] [stdout]     = note: this error originates in the macro `impl_traits` (in Nightly builds, run with -Z macro-backtrace for more info)
[INFO] [stdout] 
[INFO] [stdout] 
[INFO] [stdout] error: cannot find attribute `unwind` in this scope
[INFO] [stdout]    --> /opt/rustwide/cargo-home/registry/src/index.crates.io-6f17d22bba15001f/wasmer-runtime-core-l1x-0.18.0/src/typed_func.rs:617:37
[INFO] [stdout]     |
[INFO] [stdout] 617 |                 #[cfg_attr(nightly, unwind(allowed))]
[INFO] [stdout]     |                                     ^^^^^^
[INFO] [stdout] ...
[INFO] [stdout] 881 | impl_traits!([C] S19, A, B, C, D, E, F, G, H, I, J, K, L, M, N, O, P, Q, R, S);
[INFO] [stdout]     | ------------------------------------------------------------------------------ in this macro invocation
[INFO] [stdout]     |
[INFO] [stdout]     = note: this error originates in the macro `impl_traits` (in Nightly builds, run with -Z macro-backtrace for more info)
[INFO] [stdout] 
[INFO] [stdout] 
[INFO] [stdout] error: cannot find attribute `unwind` in this scope
[INFO] [stdout]    --> /opt/rustwide/cargo-home/registry/src/index.crates.io-6f17d22bba15001f/wasmer-runtime-core-l1x-0.18.0/src/typed_func.rs:734:37
[INFO] [stdout]     |
[INFO] [stdout] 734 |                 #[cfg_attr(nightly, unwind(allowed))]
[INFO] [stdout]     |                                     ^^^^^^
[INFO] [stdout] ...
[INFO] [stdout] 881 | impl_traits!([C] S19, A, B, C, D, E, F, G, H, I, J, K, L, M, N, O, P, Q, R, S);
[INFO] [stdout]     | ------------------------------------------------------------------------------ in this macro invocation
[INFO] [stdout]     |
[INFO] [stdout]     = note: this error originates in the macro `impl_traits` (in Nightly builds, run with -Z macro-backtrace for more info)
[INFO] [stdout] 
[INFO] [stdout] 
[INFO] [stdout] error: cannot find attribute `unwind` in this scope
[INFO] [stdout]    --> /opt/rustwide/cargo-home/registry/src/index.crates.io-6f17d22bba15001f/wasmer-runtime-core-l1x-0.18.0/src/typed_func.rs:617:37
[INFO] [stdout]     |
[INFO] [stdout] 617 |                 #[cfg_attr(nightly, unwind(allowed))]
[INFO] [stdout]     |                                     ^^^^^^
[INFO] [stdout] ...
[INFO] [stdout] 882 | impl_traits!([C] S20, A, B, C, D, E, F, G, H, I, J, K, L, M, N, O, P, Q, R, S, T);
[INFO] [stdout]     | --------------------------------------------------------------------------------- in this macro invocation
[INFO] [stdout]     |
[INFO] [stdout]     = note: this error originates in the macro `impl_traits` (in Nightly builds, run with -Z macro-backtrace for more info)
[INFO] [stdout] 
[INFO] [stdout] 
[INFO] [stdout] error: cannot find attribute `unwind` in this scope
[INFO] [stdout]    --> /opt/rustwide/cargo-home/registry/src/index.crates.io-6f17d22bba15001f/wasmer-runtime-core-l1x-0.18.0/src/typed_func.rs:734:37
[INFO] [stdout]     |
[INFO] [stdout] 734 |                 #[cfg_attr(nightly, unwind(allowed))]
[INFO] [stdout]     |                                     ^^^^^^
[INFO] [stdout] ...
[INFO] [stdout] 882 | impl_traits!([C] S20, A, B, C, D, E, F, G, H, I, J, K, L, M, N, O, P, Q, R, S, T);
[INFO] [stdout]     | --------------------------------------------------------------------------------- in this macro invocation
[INFO] [stdout]     |
[INFO] [stdout]     = note: this error originates in the macro `impl_traits` (in Nightly builds, run with -Z macro-backtrace for more info)
[INFO] [stdout] 
[INFO] [stdout] 
[INFO] [stdout] error: cannot find attribute `unwind` in this scope
[INFO] [stdout]    --> /opt/rustwide/cargo-home/registry/src/index.crates.io-6f17d22bba15001f/wasmer-runtime-core-l1x-0.18.0/src/typed_func.rs:617:37
[INFO] [stdout]     |
[INFO] [stdout] 617 |                 #[cfg_attr(nightly, unwind(allowed))]
[INFO] [stdout]     |                                     ^^^^^^
[INFO] [stdout] ...
[INFO] [stdout] 883 | impl_traits!([C] S21, A, B, C, D, E, F, G, H, I, J, K, L, M, N, O, P, Q, R, S, T, U);
[INFO] [stdout]     | ------------------------------------------------------------------------------------ in this macro invocation
[INFO] [stdout]     |
[INFO] [stdout]     = note: this error originates in the macro `impl_traits` (in Nightly builds, run with -Z macro-backtrace for more info)
[INFO] [stdout] 
[INFO] [stdout] 
[INFO] [stdout] error: cannot find attribute `unwind` in this scope
[INFO] [stdout]    --> /opt/rustwide/cargo-home/registry/src/index.crates.io-6f17d22bba15001f/wasmer-runtime-core-l1x-0.18.0/src/typed_func.rs:734:37
[INFO] [stdout]     |
[INFO] [stdout] 734 |                 #[cfg_attr(nightly, unwind(allowed))]
[INFO] [stdout]     |                                     ^^^^^^
[INFO] [stdout] ...
[INFO] [stdout] 883 | impl_traits!([C] S21, A, B, C, D, E, F, G, H, I, J, K, L, M, N, O, P, Q, R, S, T, U);
[INFO] [stdout]     | ------------------------------------------------------------------------------------ in this macro invocation
[INFO] [stdout]     |
[INFO] [stdout]     = note: this error originates in the macro `impl_traits` (in Nightly builds, run with -Z macro-backtrace for more info)
[INFO] [stdout] 
[INFO] [stdout] 
[INFO] [stdout] error: cannot find attribute `unwind` in this scope
[INFO] [stdout]    --> /opt/rustwide/cargo-home/registry/src/index.crates.io-6f17d22bba15001f/wasmer-runtime-core-l1x-0.18.0/src/typed_func.rs:617:37
[INFO] [stdout]     |
[INFO] [stdout] 617 |                 #[cfg_attr(nightly, unwind(allowed))]
[INFO] [stdout]     |                                     ^^^^^^
[INFO] [stdout] ...
[INFO] [stdout] 884 | impl_traits!([C] S22, A, B, C, D, E, F, G, H, I, J, K, L, M, N, O, P, Q, R, S, T, U, V);
[INFO] [stdout]     | --------------------------------------------------------------------------------------- in this macro invocation
[INFO] [stdout]     |
[INFO] [stdout]     = note: this error originates in the macro `impl_traits` (in Nightly builds, run with -Z macro-backtrace for more info)
[INFO] [stdout] 
[INFO] [stdout] 
[INFO] [stdout] error: cannot find attribute `unwind` in this scope
[INFO] [stdout]    --> /opt/rustwide/cargo-home/registry/src/index.crates.io-6f17d22bba15001f/wasmer-runtime-core-l1x-0.18.0/src/typed_func.rs:734:37
[INFO] [stdout]     |
[INFO] [stdout] 734 |                 #[cfg_attr(nightly, unwind(allowed))]
[INFO] [stdout]     |                                     ^^^^^^
[INFO] [stdout] ...
[INFO] [stdout] 884 | impl_traits!([C] S22, A, B, C, D, E, F, G, H, I, J, K, L, M, N, O, P, Q, R, S, T, U, V);
[INFO] [stdout]     | --------------------------------------------------------------------------------------- in this macro invocation
[INFO] [stdout]     |
[INFO] [stdout]     = note: this error originates in the macro `impl_traits` (in Nightly builds, run with -Z macro-backtrace for more info)
[INFO] [stdout] 
[INFO] [stdout] 
[INFO] [stdout] error: cannot find attribute `unwind` in this scope
[INFO] [stdout]    --> /opt/rustwide/cargo-home/registry/src/index.crates.io-6f17d22bba15001f/wasmer-runtime-core-l1x-0.18.0/src/typed_func.rs:617:37
[INFO] [stdout]     |
[INFO] [stdout] 617 |                 #[cfg_attr(nightly, unwind(allowed))]
[INFO] [stdout]     |                                     ^^^^^^
[INFO] [stdout] ...
[INFO] [stdout] 885 | impl_traits!([C] S23, A, B, C, D, E, F, G, H, I, J, K, L, M, N, O, P, Q, R, S, T, U, V, W);
[INFO] [stdout]     | ------------------------------------------------------------------------------------------ in this macro invocation
[INFO] [stdout]     |
[INFO] [stdout]     = note: this error originates in the macro `impl_traits` (in Nightly builds, run with -Z macro-backtrace for more info)
[INFO] [stdout] 
[INFO] [stdout] 
[INFO] [stdout] error: cannot find attribute `unwind` in this scope
[INFO] [stdout]    --> /opt/rustwide/cargo-home/registry/src/index.crates.io-6f17d22bba15001f/wasmer-runtime-core-l1x-0.18.0/src/typed_func.rs:734:37
[INFO] [stdout]     |
[INFO] [stdout] 734 |                 #[cfg_attr(nightly, unwind(allowed))]
[INFO] [stdout]     |                                     ^^^^^^
[INFO] [stdout] ...
[INFO] [stdout] 885 | impl_traits!([C] S23, A, B, C, D, E, F, G, H, I, J, K, L, M, N, O, P, Q, R, S, T, U, V, W);
[INFO] [stdout]     | ------------------------------------------------------------------------------------------ in this macro invocation
[INFO] [stdout]     |
[INFO] [stdout]     = note: this error originates in the macro `impl_traits` (in Nightly builds, run with -Z macro-backtrace for more info)
[INFO] [stdout] 
[INFO] [stdout] 
[INFO] [stdout] error: cannot find attribute `unwind` in this scope
[INFO] [stdout]    --> /opt/rustwide/cargo-home/registry/src/index.crates.io-6f17d22bba15001f/wasmer-runtime-core-l1x-0.18.0/src/typed_func.rs:617:37
[INFO] [stdout]     |
[INFO] [stdout] 617 |                 #[cfg_attr(nightly, unwind(allowed))]
[INFO] [stdout]     |                                     ^^^^^^
[INFO] [stdout] ...
[INFO] [stdout] 886 | impl_traits!([C] S24, A, B, C, D, E, F, G, H, I, J, K, L, M, N, O, P, Q, R, S, T, U, V, W, X);
[INFO] [stdout]     | --------------------------------------------------------------------------------------------- in this macro invocation
[INFO] [stdout]     |
[INFO] [stdout]     = note: this error originates in the macro `impl_traits` (in Nightly builds, run with -Z macro-backtrace for more info)
[INFO] [stdout] 
[INFO] [stdout] 
[INFO] [stdout] error: cannot find attribute `unwind` in this scope
[INFO] [stdout]    --> /opt/rustwide/cargo-home/registry/src/index.crates.io-6f17d22bba15001f/wasmer-runtime-core-l1x-0.18.0/src/typed_func.rs:734:37
[INFO] [stdout]     |
[INFO] [stdout] 734 |                 #[cfg_attr(nightly, unwind(allowed))]
[INFO] [stdout]     |                                     ^^^^^^
[INFO] [stdout] ...
[INFO] [stdout] 886 | impl_traits!([C] S24, A, B, C, D, E, F, G, H, I, J, K, L, M, N, O, P, Q, R, S, T, U, V, W, X);
[INFO] [stdout]     | --------------------------------------------------------------------------------------------- in this macro invocation
[INFO] [stdout]     |
[INFO] [stdout]     = note: this error originates in the macro `impl_traits` (in Nightly builds, run with -Z macro-backtrace for more info)
[INFO] [stdout] 
[INFO] [stdout] 
[INFO] [stdout] error: cannot find attribute `unwind` in this scope
[INFO] [stdout]    --> /opt/rustwide/cargo-home/registry/src/index.crates.io-6f17d22bba15001f/wasmer-runtime-core-l1x-0.18.0/src/typed_func.rs:617:37
[INFO] [stdout]     |
[INFO] [stdout] 617 |                 #[cfg_attr(nightly, unwind(allowed))]
[INFO] [stdout]     |                                     ^^^^^^
[INFO] [stdout] ...
[INFO] [stdout] 887 | impl_traits!([C] S25, A, B, C, D, E, F, G, H, I, J, K, L, M, N, O, P, Q, R, S, T, U, V, W, X, Y);
[INFO] [stdout]     | ------------------------------------------------------------------------------------------------ in this macro invocation
[INFO] [stdout]     |
[INFO] [stdout]     = note: this error originates in the macro `impl_traits` (in Nightly builds, run with -Z macro-backtrace for more info)
[INFO] [stdout] 
[INFO] [stdout] 
[INFO] [stdout] error: cannot find attribute `unwind` in this scope
[INFO] [stdout]    --> /opt/rustwide/cargo-home/registry/src/index.crates.io-6f17d22bba15001f/wasmer-runtime-core-l1x-0.18.0/src/typed_func.rs:734:37
[INFO] [stdout]     |
[INFO] [stdout] 734 |                 #[cfg_attr(nightly, unwind(allowed))]
[INFO] [stdout]     |                                     ^^^^^^
[INFO] [stdout] ...
[INFO] [stdout] 887 | impl_traits!([C] S25, A, B, C, D, E, F, G, H, I, J, K, L, M, N, O, P, Q, R, S, T, U, V, W, X, Y);
[INFO] [stdout]     | ------------------------------------------------------------------------------------------------ in this macro invocation
[INFO] [stdout]     |
[INFO] [stdout]     = note: this error originates in the macro `impl_traits` (in Nightly builds, run with -Z macro-backtrace for more info)
[INFO] [stdout] 
[INFO] [stdout] 
[INFO] [stdout] error: cannot find attribute `unwind` in this scope
[INFO] [stdout]    --> /opt/rustwide/cargo-home/registry/src/index.crates.io-6f17d22bba15001f/wasmer-runtime-core-l1x-0.18.0/src/typed_func.rs:617:37
[INFO] [stdout]     |
[INFO] [stdout] 617 |                 #[cfg_attr(nightly, unwind(allowed))]
[INFO] [stdout]     |                                     ^^^^^^
[INFO] [stdout] ...
[INFO] [stdout] 888 | impl_traits!([C] S26, A, B, C, D, E, F, G, H, I, J, K, L, M, N, O, P, Q, R, S, T, U, V, W, X, Y, Z);
[INFO] [stdout]     | --------------------------------------------------------------------------------------------------- in this macro invocation
[INFO] [stdout]     |
[INFO] [stdout]     = note: this error originates in the macro `impl_traits` (in Nightly builds, run with -Z macro-backtrace for more info)
[INFO] [stdout] 
[INFO] [stdout] 
[INFO] [stdout] error: cannot find attribute `unwind` in this scope
[INFO] [stdout]    --> /opt/rustwide/cargo-home/registry/src/index.crates.io-6f17d22bba15001f/wasmer-runtime-core-l1x-0.18.0/src/typed_func.rs:734:37
[INFO] [stdout]     |
[INFO] [stdout] 734 |                 #[cfg_attr(nightly, unwind(allowed))]
[INFO] [stdout]     |                                     ^^^^^^
[INFO] [stdout] ...
[INFO] [stdout] 888 | impl_traits!([C] S26, A, B, C, D, E, F, G, H, I, J, K, L, M, N, O, P, Q, R, S, T, U, V, W, X, Y, Z);
[INFO] [stdout]     | --------------------------------------------------------------------------------------------------- in this macro invocation
[INFO] [stdout]     |
[INFO] [stdout]     = note: this error originates in the macro `impl_traits` (in Nightly builds, run with -Z macro-backtrace for more info)
[INFO] [stdout] 
[INFO] [stdout] 
[INFO] [stdout] error: aborting due to 55 previous errors
[INFO] [stdout] 
[INFO] [stdout] 
[INFO] [stdout] For more information about this error, try `rustc --explain E0557`.
[INFO] [stdout] 
[INFO] [stderr] error: could not compile `wasmer-runtime-core-l1x` (lib) due to 56 previous errors
[INFO] [stderr] warning: build failed, waiting for other jobs to finish...
[INFO] [stderr] error: failed to run custom build command for `wabt-sys v0.6.1`
[INFO] [stderr] note: To improve backtraces for build dependencies, set the CARGO_PROFILE_DEV_BUILD_OVERRIDE_DEBUG=true environment variable to enable debug information generation.
[INFO] [stderr] 
[INFO] [stderr] Caused by:
[INFO] [stderr]   process didn't exit successfully: `/opt/rustwide/target/debug/build/wabt-sys-6020467a1fc69e25/build-script-build` (exit status: 101)
[INFO] [stderr]   --- stdout
[INFO] [stderr]   CMAKE_TOOLCHAIN_FILE_x86_64-unknown-linux-gnu = None
[INFO] [stderr]   CMAKE_TOOLCHAIN_FILE_x86_64_unknown_linux_gnu = None
[INFO] [stderr]   HOST_CMAKE_TOOLCHAIN_FILE = None
[INFO] [stderr]   CMAKE_TOOLCHAIN_FILE = None
[INFO] [stderr]   CMAKE_GENERATOR_x86_64-unknown-linux-gnu = None
[INFO] [stderr]   CMAKE_GENERATOR_x86_64_unknown_linux_gnu = None
[INFO] [stderr]   HOST_CMAKE_GENERATOR = None
[INFO] [stderr]   CMAKE_GENERATOR = None
[INFO] [stderr]   CMAKE_PREFIX_PATH_x86_64-unknown-linux-gnu = None
[INFO] [stderr]   CMAKE_PREFIX_PATH_x86_64_unknown_linux_gnu = None
[INFO] [stderr]   HOST_CMAKE_PREFIX_PATH = None
[INFO] [stderr]   CMAKE_PREFIX_PATH = None
[INFO] [stderr]   CMAKE_x86_64-unknown-linux-gnu = None
[INFO] [stderr]   CMAKE_x86_64_unknown_linux_gnu = None
[INFO] [stderr]   HOST_CMAKE = None
[INFO] [stderr]   CMAKE = None
[INFO] [stderr]   running: cd "/opt/rustwide/target/debug/build/wabt-sys-43d448c7dabdcd75/out/build" && CMAKE_PREFIX_PATH="" "cmake" "/opt/rustwide/cargo-home/registry/src/index.crates.io-6f17d22bba15001f/wabt-sys-0.6.1/wabt" "-DBUILD_TESTS=OFF" "-DBUILD_TOOLS=OFF" "-DCMAKE_INSTALL_PREFIX=/opt/rustwide/target/debug/build/wabt-sys-43d448c7dabdcd75/out" "-DCMAKE_C_FLAGS= -ffunction-sections -fdata-sections -fPIC -m64" "-DCMAKE_C_COMPILER=/usr/bin/cc" "-DCMAKE_CXX_FLAGS= -ffunction-sections -fdata-sections -fPIC -m64" "-DCMAKE_CXX_COMPILER=/usr/bin/c++" "-DCMAKE_ASM_FLAGS= -ffunction-sections -fdata-sections -fPIC -m64" "-DCMAKE_ASM_COMPILER=/usr/bin/cc" "-DCMAKE_BUILD_TYPE=Debug"
[INFO] [stderr]   -- The C compiler identification is GNU 11.3.0
[INFO] [stderr]   -- The CXX compiler identification is GNU 11.3.0
[INFO] [stderr]   -- Detecting C compiler ABI info
[INFO] [stderr]   -- Detecting C compiler ABI info - done
[INFO] [stderr]   -- Check for working C compiler: /usr/bin/cc - skipped
[INFO] [stderr]   -- Detecting C compile features
[INFO] [stderr]   -- Detecting C compile features - done
[INFO] [stderr]   -- Detecting CXX compiler ABI info
[INFO] [stderr]   -- Detecting CXX compiler ABI info - done
[INFO] [stderr]   -- Check for working CXX compiler: /usr/bin/c++ - skipped
[INFO] [stderr]   -- Detecting CXX compile features
[INFO] [stderr]   -- Detecting CXX compile features - done
[INFO] [stderr]   -- Looking for alloca.h
[INFO] [stderr]   -- Looking for alloca.h - found
[INFO] [stderr]   -- Looking for unistd.h
[INFO] [stderr]   -- Looking for unistd.h - found
[INFO] [stderr]   -- Looking for snprintf
[INFO] [stderr]   -- Looking for snprintf - found
[INFO] [stderr]   -- Looking for sysconf
[INFO] [stderr]   -- Looking for sysconf - found
[INFO] [stderr]   -- Looking for strcasecmp
[INFO] [stderr]   -- Looking for strcasecmp - found
[INFO] [stderr]   -- Looking for sys/types.h
[INFO] [stderr]   -- Looking for sys/types.h - found
[INFO] [stderr]   -- Looking for stdint.h
[INFO] [stderr]   -- Looking for stdint.h - found
[INFO] [stderr]   -- Looking for stddef.h
[INFO] [stderr]   -- Looking for stddef.h - found
[INFO] [stderr]   -- Check size of ssize_t
[INFO] [stderr]   -- Check size of ssize_t - done
[INFO] [stderr]   -- Check size of size_t
[INFO] [stderr]   -- Check size of size_t - done
[INFO] [stderr]   -- Looking for pthread.h
[INFO] [stderr]   -- Looking for pthread.h - found
[INFO] [stderr]   -- Performing Test CMAKE_HAVE_LIBC_PTHREAD
[INFO] [stderr]   -- Performing Test CMAKE_HAVE_LIBC_PTHREAD - Success
[INFO] [stderr]   -- Found Threads: TRUE  
[INFO] [stderr]   -- Configuring done
[INFO] [stderr]   -- Generating done
[INFO] [stderr]   -- Build files have been written to: /opt/rustwide/target/debug/build/wabt-sys-43d448c7dabdcd75/out/build
[INFO] [stderr]   running: cd "/opt/rustwide/target/debug/build/wabt-sys-43d448c7dabdcd75/out/build" && MAKEFLAGS="-j --jobserver-fds=7,8 --jobserver-auth=7,8" "cmake" "--build" "." "--config" "Debug"
[INFO] [stderr]   [  9%] Building CXX object CMakeFiles/wabt.dir/src/binary-writer-spec.cc.o
[INFO] [stderr]   [  9%] Building CXX object CMakeFiles/wabt.dir/src/binary.cc.o
[INFO] [stderr]   [  9%] Building CXX object CMakeFiles/wabt.dir/src/binary-reader-ir.cc.o
[INFO] [stderr]   [  9%] Building CXX object CMakeFiles/wabt.dir/src/apply-names.cc.o
[INFO] [stderr]   [ 12%] Building CXX object CMakeFiles/wabt.dir/src/binary-reader.cc.o
[INFO] [stderr]   [ 14%] Building CXX object CMakeFiles/wabt.dir/src/binary-writer.cc.o
[INFO] [stderr]   [ 17%] Building CXX object CMakeFiles/wabt.dir/src/binding-hash.cc.o
[INFO] [stderr]   [ 19%] Building CXX object CMakeFiles/wabt.dir/src/binary-reader-logging.cc.o
[INFO] [stderr]   [ 21%] Building CXX object CMakeFiles/wabt.dir/src/color.cc.o
[INFO] [stderr]   [ 24%] Building CXX object CMakeFiles/wabt.dir/src/common.cc.o
[INFO] [stderr]   [ 26%] Building CXX object CMakeFiles/wabt.dir/src/config.cc.o
[INFO] [stderr]   [ 29%] Building CXX object CMakeFiles/wabt.dir/src/error-formatter.cc.o
[INFO] [stderr]   [ 31%] Building CXX object CMakeFiles/wabt.dir/src/expr-visitor.cc.o
[INFO] [stderr]   [ 34%] Building CXX object CMakeFiles/wabt.dir/src/feature.cc.o
[INFO] [stderr]   [ 36%] Building CXX object CMakeFiles/wabt.dir/src/filenames.cc.o
[INFO] [stderr]   [ 39%] Building CXX object CMakeFiles/wabt.dir/src/generate-names.cc.o
[INFO] [stderr]   [ 41%] Building CXX object CMakeFiles/wabt.dir/src/hash-util.cc.o
[INFO] [stderr]   [ 43%] Building CXX object CMakeFiles/wabt.dir/src/ir.cc.o
[INFO] [stderr]   [ 46%] Building CXX object CMakeFiles/wabt.dir/src/leb128.cc.o
[INFO] [stderr]   [ 48%] Building CXX object CMakeFiles/wabt.dir/src/lexer-source.cc.o
[INFO] [stderr]   [ 51%] Building CXX object CMakeFiles/wabt.dir/src/lexer-source-line-finder.cc.o
[INFO] [stderr]   [ 53%] Building CXX object CMakeFiles/wabt.dir/src/literal.cc.o
[INFO] [stderr]   [ 56%] Building CXX object CMakeFiles/wabt.dir/src/opcode.cc.o
[INFO] [stderr]   [ 58%] Building C object CMakeFiles/wabt.dir/src/opcode-code-table.c.o
[INFO] [stderr]   [ 60%] Building CXX object CMakeFiles/wabt.dir/src/option-parser.cc.o
[INFO] [stderr]   [ 63%] Building CXX object CMakeFiles/wabt.dir/src/resolve-names.cc.o
[INFO] [stderr]   [ 65%] Building CXX object CMakeFiles/wabt.dir/src/stream.cc.o
[INFO] [stderr]   [ 68%] Building CXX object CMakeFiles/wabt.dir/src/string-view.cc.o
[INFO] [stderr]   [ 70%] Building CXX object CMakeFiles/wabt.dir/src/token.cc.o
[INFO] [stderr]   [ 73%] Building CXX object CMakeFiles/wabt.dir/src/tracing.cc.o
[INFO] [stderr]   [ 75%] Building CXX object CMakeFiles/wabt.dir/src/type-checker.cc.o
[INFO] [stderr]   [ 78%] Building CXX object CMakeFiles/wabt.dir/src/utf8.cc.o
[INFO] [stderr]   [ 80%] Building CXX object CMakeFiles/wabt.dir/src/validator.cc.o
[INFO] [stderr]   [ 82%] Building CXX object CMakeFiles/wabt.dir/src/wast-lexer.cc.o
[INFO] [stderr]   [ 85%] Building CXX object CMakeFiles/wabt.dir/src/wast-parser.cc.o
[INFO] [stderr]   [ 87%] Building CXX object CMakeFiles/wabt.dir/src/wat-writer.cc.o
[INFO] [stderr]   [ 90%] Building CXX object CMakeFiles/wabt.dir/src/interp/binary-reader-interp.cc.o
[INFO] [stderr]   [ 92%] Building CXX object CMakeFiles/wabt.dir/src/interp/interp.cc.o
[INFO] [stderr]   [ 95%] Building CXX object CMakeFiles/wabt.dir/src/interp/interp-disassemble.cc.o
[INFO] [stderr]   [ 97%] Building CXX object CMakeFiles/wabt.dir/src/interp/interp-trace.cc.o
[INFO] [stderr] 
[INFO] [stderr]   --- stderr
[INFO] [stderr]   CMake Deprecation Warning at CMakeLists.txt:17 (cmake_minimum_required):
[INFO] [stderr]     Compatibility with CMake < 2.8.12 will be removed from a future version of
[INFO] [stderr]     CMake.
[INFO] [stderr] 
[INFO] [stderr]     Update the VERSION argument <min> value or use a ...<max> suffix to tell
[INFO] [stderr]     CMake that the project does not need compatibility with older versions.
[INFO] [stderr] 
[INFO] [stderr] 
[INFO] [stderr]   CMake Warning:
[INFO] [stderr]     Manually-specified variables were not used by the project:
[INFO] [stderr] 
[INFO] [stderr]       CMAKE_ASM_COMPILER
[INFO] [stderr]       CMAKE_ASM_FLAGS
[INFO] [stderr] 
[INFO] [stderr] 
[INFO] [stderr]   c++: fatal error: Killed signal terminated program cc1plus
[INFO] [stderr]   compilation terminated.
[INFO] [stderr]   gmake[2]: *** [CMakeFiles/wabt.dir/build.make:118: CMakeFiles/wabt.dir/src/binary-reader-ir.cc.o] Error 1
[INFO] [stderr]   gmake[2]: *** Waiting for unfinished jobs....
[INFO] [stderr]   gmake[1]: *** [CMakeFiles/Makefile2:110: CMakeFiles/wabt.dir/all] Error 2
[INFO] [stderr]   gmake: *** [Makefile:91: all] Error 2
[INFO] [stderr]   thread 'main' panicked at '
[INFO] [stderr]   command did not execute successfully, got: exit status: 2
[INFO] [stderr] 
[INFO] [stderr]   build script failed, must exit now', /opt/rustwide/cargo-home/registry/src/index.crates.io-6f17d22bba15001f/cmake-0.1.50/src/lib.rs:1098:5
[INFO] [stderr]   stack backtrace:
[INFO] [stderr]      0:     0x557a2d5ea6e1 - std::backtrace_rs::backtrace::libunwind::trace::ha9d9de1bf4176bfa
[INFO] [stderr]                                  at /rustc/e6e4f7ed1589e03bc2f6c5931c1a72e7947e8682/library/std/src/../../backtrace/src/backtrace/libunwind.rs:93:5
[INFO] [stderr]      1:     0x557a2d5ea6e1 - std::backtrace_rs::backtrace::trace_unsynchronized::h165c36ef694ada1c
[INFO] [stderr]                                  at /rustc/e6e4f7ed1589e03bc2f6c5931c1a72e7947e8682/library/std/src/../../backtrace/src/backtrace/mod.rs:66:5
[INFO] [stderr]      2:     0x557a2d5ea6e1 - std::sys_common::backtrace::_print_fmt::h4d89c7ce1e89b43d
[INFO] [stderr]                                  at /rustc/e6e4f7ed1589e03bc2f6c5931c1a72e7947e8682/library/std/src/sys_common/backtrace.rs:65:5
[INFO] [stderr]      3:     0x557a2d5ea6e1 - <std::sys_common::backtrace::_print::DisplayBacktrace as core::fmt::Display>::fmt::hfc68e8a2f3b7b37c
[INFO] [stderr]                                  at /rustc/e6e4f7ed1589e03bc2f6c5931c1a72e7947e8682/library/std/src/sys_common/backtrace.rs:44:22
[INFO] [stderr]      4:     0x557a2d60e20f - core::fmt::rt::Argument::fmt::hc7dd5538f3de21b7
[INFO] [stderr]                                  at /rustc/e6e4f7ed1589e03bc2f6c5931c1a72e7947e8682/library/core/src/fmt/rt.rs:138:9
[INFO] [stderr]      5:     0x557a2d60e20f - core::fmt::write::hac9705ca9b43c249
[INFO] [stderr]                                  at /rustc/e6e4f7ed1589e03bc2f6c5931c1a72e7947e8682/library/core/src/fmt/mod.rs:1094:21
[INFO] [stderr]      6:     0x557a2d5e7221 - std::io::Write::write_fmt::h7bc9466b47d6774b
[INFO] [stderr]                                  at /rustc/e6e4f7ed1589e03bc2f6c5931c1a72e7947e8682/library/std/src/io/mod.rs:1713:15
[INFO] [stderr]      7:     0x557a2d5ea4f5 - std::sys_common::backtrace::_print::h03072469d8150f3e
[INFO] [stderr]                                  at /rustc/e6e4f7ed1589e03bc2f6c5931c1a72e7947e8682/library/std/src/sys_common/backtrace.rs:47:5
[INFO] [stderr]      8:     0x557a2d5ea4f5 - std::sys_common::backtrace::print::hd0f67791f02b87ae
[INFO] [stderr]                                  at /rustc/e6e4f7ed1589e03bc2f6c5931c1a72e7947e8682/library/std/src/sys_common/backtrace.rs:34:9
[INFO] [stderr]      9:     0x557a2d5ec267 - std::panicking::default_hook::{{closure}}::h7c8ccb2c703d1528
[INFO] [stderr]     10:     0x557a2d5ec054 - std::panicking::default_hook::h770c31d58b53801e
[INFO] [stderr]                                  at /rustc/e6e4f7ed1589e03bc2f6c5931c1a72e7947e8682/library/std/src/panicking.rs:288:9
[INFO] [stderr]     11:     0x557a2d5ec71c - std::panicking::rust_panic_with_hook::hb50e58c42f5187f2
[INFO] [stderr]                                  at /rustc/e6e4f7ed1589e03bc2f6c5931c1a72e7947e8682/library/std/src/panicking.rs:705:13
[INFO] [stderr]     12:     0x557a2d5ec617 - std::panicking::begin_panic_handler::{{closure}}::h4d6093b91efbd52e
[INFO] [stderr]                                  at /rustc/e6e4f7ed1589e03bc2f6c5931c1a72e7947e8682/library/std/src/panicking.rs:597:13
[INFO] [stderr]     13:     0x557a2d5eab16 - std::sys_common::backtrace::__rust_end_short_backtrace::h318963d1ef4510cb
[INFO] [stderr]                                  at /rustc/e6e4f7ed1589e03bc2f6c5931c1a72e7947e8682/library/std/src/sys_common/backtrace.rs:151:18
[INFO] [stderr]     14:     0x557a2d5ec362 - rust_begin_unwind
[INFO] [stderr]                                  at /rustc/e6e4f7ed1589e03bc2f6c5931c1a72e7947e8682/library/std/src/panicking.rs:593:5
[INFO] [stderr]     15:     0x557a2d55d863 - core::panicking::panic_fmt::h6ce9f4b93775846b
[INFO] [stderr]                                  at /rustc/e6e4f7ed1589e03bc2f6c5931c1a72e7947e8682/library/core/src/panicking.rs:67:14
[INFO] [stderr]     16:     0x557a2d569341 - cmake::fail::h15fb8f0ce405ecea
[INFO] [stderr]     17:     0x557a2d568ad5 - cmake::run::h602f1164c1562516
[INFO] [stderr]     18:     0x557a2d5652be - cmake::Config::build::h92b53f722f655935
[INFO] [stderr]     19:     0x557a2d55e5c9 - build_script_build::main::h52b983049d8c5bef
[INFO] [stderr]     20:     0x557a2d55fd43 - core::ops::function::FnOnce::call_once::hca2ec9218a2b0f19
[INFO] [stderr]     21:     0x557a2d55f1c6 - std::sys_common::backtrace::__rust_begin_short_backtrace::h59b8cbdf642c7a61
[INFO] [stderr]     22:     0x557a2d55efc9 - std::rt::lang_start::{{closure}}::hf36e0cccf383db1b
[INFO] [stderr]     23:     0x557a2d5e2f85 - core::ops::function::impls::<impl core::ops::function::FnOnce<A> for &F>::call_once::hb332f02ff9fc81e2
[INFO] [stderr]                                  at /rustc/e6e4f7ed1589e03bc2f6c5931c1a72e7947e8682/library/core/src/ops/function.rs:284:13
[INFO] [stderr]     24:     0x557a2d5e2f85 - std::panicking::try::do_call::hed879afea606d968
[INFO] [stderr]                                  at /rustc/e6e4f7ed1589e03bc2f6c5931c1a72e7947e8682/library/std/src/panicking.rs:500:40
[INFO] [stderr]     25:     0x557a2d5e2f85 - std::panicking::try::h395a878f3e4bd2f0
[INFO] [stderr]                                  at /rustc/e6e4f7ed1589e03bc2f6c5931c1a72e7947e8682/library/std/src/panicking.rs:464:19
[INFO] [stderr]     26:     0x557a2d5e2f85 - std::panic::catch_unwind::hb44b6ea043448d57
[INFO] [stderr]                                  at /rustc/e6e4f7ed1589e03bc2f6c5931c1a72e7947e8682/library/std/src/panic.rs:142:14
[INFO] [stderr]     27:     0x557a2d5e2f85 - std::rt::lang_start_internal::{{closure}}::h6184ba9e5b3e5fbf
[INFO] [stderr]                                  at /rustc/e6e4f7ed1589e03bc2f6c5931c1a72e7947e8682/library/std/src/rt.rs:148:48
[INFO] [stderr]     28:     0x557a2d5e2f85 - std::panicking::try::do_call::h8b2c97d4d3608274
[INFO] [stderr]                                  at /rustc/e6e4f7ed1589e03bc2f6c5931c1a72e7947e8682/library/std/src/panicking.rs:500:40
[INFO] [stderr]     29:     0x557a2d5e2f85 - std::panicking::try::hfa4cc536e097f1fe
[INFO] [stderr]                                  at /rustc/e6e4f7ed1589e03bc2f6c5931c1a72e7947e8682/library/std/src/panicking.rs:464:19
[INFO] [stderr]     30:     0x557a2d5e2f85 - std::panic::catch_unwind::ha3e2192625bb4844
[INFO] [stderr]                                  at /rustc/e6e4f7ed1589e03bc2f6c5931c1a72e7947e8682/library/std/src/panic.rs:142:14
[INFO] [stderr]     31:     0x557a2d5e2f85 - std::rt::lang_start_internal::hbd6687884d030770
[INFO] [stderr]                                  at /rustc/e6e4f7ed1589e03bc2f6c5931c1a72e7947e8682/library/std/src/rt.rs:148:20
[INFO] [stderr]     32:     0x557a2d55efa7 - std::rt::lang_start::h8c6391934bf6acb2
[INFO] [stderr]     33:     0x557a2d55ee05 - main
[INFO] [stderr]     34:     0x7fdfbc604d90 - <unknown>
[INFO] [stderr]     35:     0x7fdfbc604e40 - __libc_start_main
[INFO] [stderr]     36:     0x557a2d55df05 - _start
[INFO] [stderr]     37:                0x0 - <unknown>
[INFO] running `Command { std: "docker" "inspect" "a37cebf924caa96158faac2aa63be260cce0fd40a439fa3fe3076878c39f8f18", kill_on_drop: false }`
[INFO] running `Command { std: "docker" "rm" "-f" "a37cebf924caa96158faac2aa63be260cce0fd40a439fa3fe3076878c39f8f18", kill_on_drop: false }`
[INFO] [stdout] a37cebf924caa96158faac2aa63be260cce0fd40a439fa3fe3076878c39f8f18
